{"id":103,"date":"1999-12-30T23:00:00","date_gmt":"1999-12-30T23:00:00","guid":{"rendered":"http:\/\/bkircher.at\/wordpress\/?p=103"},"modified":"2015-05-18T18:50:18","modified_gmt":"2015-05-18T18:50:18","slug":"jerry-lee-lewis-wien-1977","status":"publish","type":"page","link":"https:\/\/bkircher.at\/wordpress\/konzerte\/jerry-lee-lewis-wien-1977\/","title":{"rendered":"Jerry Lee Lewis, Wien 1977"},"content":{"rendered":"<p>Am 6.M\u00e4rz 1977 gibt es die \u00d6sterreich-Premiere f\u00fcr Jerry Lee Lewis. Obwohl seit \u00fcber 20 Jahren im Business, hat der Killer immer wieder einen Bogen um \u00d6sterreich gemacht.<\/p>\n","protected":false},"excerpt":{"rendered":"<p>Am 6.M\u00e4rz 1977 gibt es die \u00d6sterreich-Premiere f\u00fcr Jerry Lee Lewis. Obwohl seit \u00fcber 20 Jahren im Business, hat der Killer immer wieder einen Bogen um \u00d6sterreich gemacht.<\/p>\n","protected":false},"author":1,"featured_media":495,"parent":269,"menu_order":0,"comment_status":"closed","ping_status":"open","template":"","meta":{"footnotes":""},"class_list":["post-103","page","type-page","status-publish","has-post-thumbnail","hentry"],"_links":{"self":[{"href":"https:\/\/bkircher.at\/wordpress\/wp-json\/wp\/v2\/pages\/103","targetHints":{"allow":["GET"]}}],"collection":[{"href":"https:\/\/bkircher.at\/wordpress\/wp-json\/wp\/v2\/pages"}],"about":[{"href":"https:\/\/bkircher.at\/wordpress\/wp-json\/wp\/v2\/types\/page"}],"author":[{"embeddable":true,"href":"https:\/\/bkircher.at\/wordpress\/wp-json\/wp\/v2\/users\/1"}],"replies":[{"embeddable":true,"href":"https:\/\/bkircher.at\/wordpress\/wp-json\/wp\/v2\/comments?post=103"}],"version-history":[{"count":8,"href":"https:\/\/bkircher.at\/wordpress\/wp-json\/wp\/v2\/pages\/103\/revisions"}],"predecessor-version":[{"id":150,"href":"https:\/\/bkircher.at\/wordpress\/wp-json\/wp\/v2\/pages\/103\/revisions\/150"}],"up":[{"embeddable":true,"href":"https:\/\/bkircher.at\/wordpress\/wp-json\/wp\/v2\/pages\/269"}],"wp:featuredmedia":[{"embeddable":true,"href":"https:\/\/bkircher.at\/wordpress\/wp-json\/wp\/v2\/media\/495"}],"wp:attachment":[{"href":"https:\/\/bkircher.at\/wordpress\/wp-json\/wp\/v2\/media?parent=103"}],"curies":[{"name":"wp","href":"https:\/\/api.w.org\/{rel}","templated":true}]}}